{"id":10,"date":"2017-07-26T15:36:52","date_gmt":"2017-07-26T13:36:52","guid":{"rendered":"https:\/\/awifilm.de\/site\/?page_id=10"},"modified":"2018-05-15T11:20:05","modified_gmt":"2018-05-15T09:20:05","slug":"kontakt","status":"publish","type":"page","link":"https:\/\/awifilm.de\/site\/kontakt\/","title":{"rendered":"KONTAKT"},"content":{"rendered":"<p>[et_pb_section bb_built=&#8220;1&#8243;][et_pb_row][et_pb_column type=&#8220;1_3&#8243;][et_pb_image admin_label=&#8220;Bild Eifelballon&#8220; _builder_version=&#8220;3.0.64&#8243; src=&#8220;https:\/\/awifilm.de\/site\/wp-content\/uploads\/2018\/01\/Eifelballon_0042.jpg&#8220; show_in_lightbox=&#8220;on&#8220; url_new_window=&#8220;off&#8220; use_overlay=&#8220;off&#8220; sticky=&#8220;off&#8220; align=&#8220;left&#8220; always_center_on_mobile=&#8220;on&#8220; border_style=&#8220;solid&#8220; max_width=&#8220;360px&#8220; force_fullwidth=&#8220;off&#8220; \/][\/et_pb_column][et_pb_column type=&#8220;2_3&#8243;][et_pb_text _builder_version=&#8220;3.0.64&#8243; background_layout=&#8220;light&#8220; text_orientation=&#8220;left&#8220; border_style=&#8220;solid&#8220;]<\/p>\n<h3><span style=\"color: #008000;\">Kontakt-Informationen<\/span><\/h3>\n<div class=\"csc-textpic csc-textpic-intext-right\">\n<div class=\"csc-textpic-text\">\n<p class=\"bodytext\"><b>Unsere Webseiten sollen Ihnen einen \u00dcberblick<br \/>\n\u00fcber unsere Leistungen geben. Vieles l\u00e4sst sich<br \/>\naber in einem pers\u00f6nlichen Gespr\u00e4ch viel besser<br \/>\nerl\u00e4utern.<\/b><\/p>\n<p><strong>Wir beraten Sie gerne!<\/strong><\/p>\n<p><b>AWI-Naturfilm<br \/>\n<\/b>Adolf Winkler<br \/>\nBaumschulweg 15<br \/>\n54634 Bitburg<\/p>\n<p><b>Tel. 06561 \/ 7194<br \/>\nFax. 06561 \/ 12353<br \/>\n<a href=\"mailto:info@awifilm.de\">email: info@awifilm.de<\/a><\/p>\n<p><em>Bei der Kontaktaufnahme mit uns (zum Beispiel per E-Mail)<br \/>\nwerden Ihre Angaben zwecks Bearbeitung der Anfrage sowie<br \/>\nf\u00fcr den Fall, dass Anschlussfragen entstehen, gespeichert.<\/em><br \/>\n<\/b><\/p>\n<\/div>\n<\/div>\n<p>[\/et_pb_text][\/et_pb_column][\/et_pb_row][\/et_pb_section]<\/p>\n","protected":false},"excerpt":{"rendered":"<p><div class=\"et_pb_row et_pb_row_0 et_pb_row_empty\">\n\t\t\t\t\n\t\t\t\t\n\t\t\t\t\n\t\t\t\t\n\t\t\t\t\n\t\t\t<\/div> Kontakt-Informationen Unsere Webseiten sollen Ihnen einen \u00dcberblick \u00fcber unsere Leistungen geben. Vieles l\u00e4sst sich aber in einem pers\u00f6nlichen Gespr\u00e4ch viel besser erl\u00e4utern. Wir beraten Sie gerne! AWI-Naturfilm Adolf Winkler Baumschulweg 15 54634 Bitburg Tel. 06561 \/ 7194 Fax. 06561 \/ 12353 email: info@awifilm.de Bei der Kontaktaufnahme mit uns (zum Beispiel per E-Mail) werden Ihre [&hellip;]<\/p>\n","protected":false},"author":1,"featured_media":5,"parent":0,"menu_order":42,"comment_status":"closed","ping_status":"closed","template":"","meta":{"_et_pb_use_builder":"on","_et_pb_old_content":"<p>Kontakt-Informatione<\/p><div class=\"csc-header csc-header-n1\"><h1 class=\"csc-firstHeader\">Wir produzieren gerne f\u00fcr Sie!<\/h1><\/div><div class=\"csc-textpic csc-textpic-intext-right\"><div class=\"csc-textpic-text\"><p class=\"bodytext\"><b>Unsere Webseiten sollen Ihnen einen \u00dcberblick<br \/> \u00fcber unsere Leistungen geben. Sie sind aber nicht<br \/> als \"automatischer Kundenberater\" gedacht.<\/b><\/p><p>Deshalb freuen wir uns, wenn Sie sich direkt an uns wenden:<\/p><p><b>AWI-Naturfilm<br \/> <\/b><br \/> Adolf Winkler<br \/> Baumschulweg 15<br \/> 54634 Bitburg<\/p><p><b>Tel. 06561 \/ 7194<br \/> Fax. 06561 \/ 12353<\/b><\/p><\/div><\/div><p>n<\/p>","_et_gb_content_width":"","footnotes":""},"class_list":["post-10","page","type-page","status-publish","has-post-thumbnail","hentry"],"_links":{"self":[{"href":"https:\/\/awifilm.de\/site\/wp-json\/wp\/v2\/pages\/10","targetHints":{"allow":["GET"]}}],"collection":[{"href":"https:\/\/awifilm.de\/site\/wp-json\/wp\/v2\/pages"}],"about":[{"href":"https:\/\/awifilm.de\/site\/wp-json\/wp\/v2\/types\/page"}],"author":[{"embeddable":true,"href":"https:\/\/awifilm.de\/site\/wp-json\/wp\/v2\/users\/1"}],"replies":[{"embeddable":true,"href":"https:\/\/awifilm.de\/site\/wp-json\/wp\/v2\/comments?post=10"}],"version-history":[{"count":21,"href":"https:\/\/awifilm.de\/site\/wp-json\/wp\/v2\/pages\/10\/revisions"}],"predecessor-version":[{"id":897,"href":"https:\/\/awifilm.de\/site\/wp-json\/wp\/v2\/pages\/10\/revisions\/897"}],"wp:featuredmedia":[{"embeddable":true,"href":"https:\/\/awifilm.de\/site\/wp-json\/wp\/v2\/media\/5"}],"wp:attachment":[{"href":"https:\/\/awifilm.de\/site\/wp-json\/wp\/v2\/media?parent=10"}],"curies":[{"name":"wp","href":"https:\/\/api.w.org\/{rel}","templated":true}]}}